 p(0).
11
Let j(t) = 6*t + 1. Let y be j(-2). Let w = y - -28. Calculate the remainder when w is divided by 9.
8
Let n(i) = 2*i**3 + i**2 + 2*i + 17. Let h(w) = 3*w**3 + 2*w**2 + 3*w + 33. Let o(t) = 3*h(t) - 5*n(t). What is the remainder when 54 is divided by o(0)?
12
Suppose -4 = -4*k, -35 = -4*b + 2*k + 7. What is the remainder when b is divided by 7?
4
Let c(z) = z**2 - 13*z - 14. Let h be c(14). Suppose -5*o + 2*o + 63 = h. What is the remainder when 60 is divided by o?
18
Let n = -79 - -141. Suppose 7*k = 2*k - 4*h - n, 5*h = -15. Let g = k - -39. What is the remainder when g is divided by 8?
5
Suppose 2*o - 35 = 5*k, 5*o - k - 209 = -87. Suppose -3*x = -4*x + o. What is the remainder when x is divided by 9?
7
Suppose 0*i = -7*i + 70. What is the remainder when 26 is divided by i?
6
Let n be (3 + (-3 - 5))*2. Let s = n + 15. Let z = -15 - -24. Calculate the remainder when z is divided by s.
4
Suppose 2*s - 34 = w, -3*s + 5*w - 3*w = -51. Suppose -169 = -4*p - s. Calculate the remainder when p is divided by ((-70)/(-49))/(0 + (-2)/(-28)).
18
Suppose 0*a = -5*a + 85. Calculate the remainder when 65 is divided by a.
14
Calculate the remainder when (-8)/2*39/(-12) is divided by 7.
6
Let s = 55 - 32. What is the remainder when 43 is divided by s?
20
Let i = -70 - -122. What is the remainder when i is divided by 27?
25
Suppose q - 20 = -4*j, 11 - 27 = -2*q - 2*j. Let c(o) = 3*o + 1. Let p = -34 + 72. What is the remainder when p is divided by c(q)?
12
Suppose 8*c - 70 = 7*c. Calculate the remainder when c is divided by 8.
6
Let k(n) = 2*n**2 + n + 2. Let f be k(2). Suppose q + f = b + 1, 5*q = -2*b - 6. What is the remainder when 19 is divided by b?
5
Let g(p) = -2*p - 7. Let b be g(-6). Let v = 21 - b. What is the remainder when 37 is divided by -2 + v - (-2)/(-2)?
11
Suppose -8 = -2*u, -2*u + 6*u = 5*o - 334. Suppose -3*f - f + t = -o, -2*f - t + 32 = 0. What is the remainder when 50 is divided by f?
16
What is the remainder when (-3)/(-2 + 0 - 597/(-303)) is divided by 35?
31
Let n = 30 + -133. Let p = n + 167. Suppose -6*g = -2*g - p. What is the remainder when 46 is divided by g?
14
Let q be (-3)/((-27)/(-6))*-3. Suppose 34 = 2*a - 3*l + 4*l, -2*a = -q*l - 34. What is the remainder when a is divided by 6?
5
Let a = 4 + 5. Suppose 2*i - a - 1 = 0. Let n = -2 - -11. What is the remainder when n is divided by i?
4
Let t(y) = y**2 + 6*y - 6. What is the remainder when 104 is divided by t(-9)?
20
Suppose 31 = 2*w - 3. Suppose -7 - 3 = -2*g. What is the remainder when w is divided by g?
2
Calculate the remainder when 131 is divided by -1*(-165)/10*(1 - -1).
32
Suppose -4*f - 6 - 6 = 0. Let s = f - -3. Let q = s + 19. What is the remainder when q is divided by 7?
5
Let u = 48 - 31. Suppose 4*w + 2*p - 30 = 0, -2*w - 15 = -4*p - 5. What is the remainder when u is divided by w?
2
Let r(w) = 2 - 4*w + 0 + 10*w. Let z(s) = -s**3 + 10*s**2 + 4*s + 1. Calculate the remainder when z(10) is divided by r(2).
13
Let z be (-2)/(-5) - 340/(-25). Suppose -2*n = -n - 10. What is the remainder when n is divided by (-176)/(-28) + (-4)/z?
4
Let m(z) = z**2 - 6*z + 14. Calculate the remainder when m(6) is divided by 4 + (-2 + 3)*4.
6
Suppose -5*h + 6 - 16 = 0. Calculate the remainder when 38 is divided by ((-4)/12)/(h/60).
8
Let p = 10 - 5. Suppose -3*g + 3*l + 99 = 0, l - 137 = -p*g - l. Calculate the remainder when g is divided by 6*((-4)/(-6) + 1).
9
Suppose -4*n - 63 = -559. Calculate the remainder when n is divided by 32.
28
Suppose 0 = -k + 2*m + 11, -k + 2 = 2*m + 3. Calculate the remainder when 17 is divided by k.
2
Suppose z + 3*z = 12. Suppose -z*i + 5 + 10 = 0. What is the remainder when i is divided by 4?
1
Let h(d) = -d**2 + 10*d + 6. Let g(a) = -9*a - 2. Calculate the remainder when g(-5) is divided by h(8).
21
Let n be 4/(-6) - (-152)/3. Suppose 2*l - n = -0*l. Suppose 0*h + l = h - 5*x, 0 = 3*h + x - 107. Calculate the remainder when h is divided by 12.
11
Let n(m) = -34*m - 27. Calculate the remainder when n(-2) is divided by 17.
7
Let k(d) = -5*d + 1. Let t = -20 + 36. Let o = -6 + t. What is the remainder when o is divided by k(-1)?
4
Let s(c) = 0*c**2 + 8*c - 2 + 4 - 6*c**2 - c**3. Let h be s(-7). Let a = h + 10. What is the remainder when 8 is divided by a?
3
Let z(y) = y**3 - 5*y**2 - 6*y + 5. What is the remainder when 9 is divided by z(6)?
4
Let v be (3 - 1)/((-6)/21). Let r = -1 - v. What is the remainder when 22 is divided by r?
4
Let t(n) = n**2 - n - 6. Let v be t(6). Suppose -a + 2*x - 3 = -v, -3*a - x = -77. What is the remainder when 73 is divided by a?
23
Let x(h) = 0*h + 17*h**2 + 3 + 2*h - 1 - 9*h**2. Calculate the remainder when x(-2) is divided by 11.
8
What is the remainder when 19 is divided by (-36)/(-5) - 2/10?
5
Let g = -263 - -45. Let y = -103 - g. Calculate the remainder when y is divided by 29.
28
Let y = -9 - -19. Let c = -8 + y. What is the remainder when 62 is divided by (0 - 1 - -9)*c?
14
Suppose -6*h + 30 = -h. Let q(s) = s**2 - 7*s + 9. Let l be q(h). What is the remainder when -15*(-10)/l + -2 is divided by 25?
23
Let y = -23 - -48. What is the remainder when y is divided by 14?
11
Calculate the remainder when 10 is divided by 135/18 + 6/(-4).
4
Suppose 0*k = 5*k - 110. What is the remainder when 81 is divided by k?
15
Suppose 3*n - y - y = 61, 4*n - 5*y - 93 = 0. What is the remainder when n is divided by 18/4*(4 + -2)?
8
Let a = 8 - 4. Suppose 0 = -2*p - 10, a*i = -2*p - 2. What is the remainder when 5 is divided by i?
1
Suppose 0 = -7*b + 1 + 90. Let r(v) = 4*v**2 + 4*v + 3. What is the remainder when r(-4) is divided by b?
12
Let w = 34 - 13. What is the remainder when 61 is divided by w?
19
Suppose -5*g = 3 - 13. Suppose 4*a + r = 212, 0*a - 5*r = g*a - 124. Suppose 0 = 2*w - 4*w + a. Calculate the remainder when w is divided by 14.
12
Suppose -4*s - 5*z + 190 = 0, 8*s - 3*s = 3*z + 219. Calculate the remainder when 15*3/s*9 is divided by 5.
4
Let c(z) = 6*z - 2. Suppose -32 = -4*s + 4*n, -s + 3*n + 2 = -16. Calculate the remainder when c(s) is divided by 9.
7
Suppose 2*r = 17 + 25. Let q = 11 - 7. Suppose w - 5*p = -q*w + 40, 2*p = -4*w + 50. Calculate the remainder when r is divided by w.
10
Let r = 35 - 16. Calculate the remainder when r is divided by 7.
5
Let f be (0 - -2)/(-2)*-6. Suppose 0 = 3*a - 3*j, -4*j + 22 = 5*a + 4. Suppose -a*l = -6, -b + 2*l + 35 = f*l. Calculate the remainder when b is divided by 12.
11
Let y(r) = -61*r**3 - r. Let j = -3 - -25. Let m = 43 - j. Calculate the remainder when y(-1) is divided by m.
20
Suppose -14*n - 54 = -23*n. Calculate the remainder when 23 is divided by n.
5
Let o(f) = f**3 - 12*f**2 + 12*f + 6. Let c(s) = -66*s. What is the remainder when c(-1) is divided by o(11)?
15
Let z = -77 - -53. Calculate the remainder when (-282)/z*1*8 is divided by 24.
22
Suppose r - 1 = 12. Calculate the remainder when 12 - -32 - (2 - (3 + 2)) is divided by r.
8
Let o(t) = -27*t**3 - t**2 - 2*t - 1. Let c(m) = m + 6. Let i be c(-5). What is the remainder when o(-1) is divided by 30/(-3 - -5) - i?
13
Suppose 2*w - 2 = 0, 0*i = 2*i + w - 11. Calculate the remainder when 5 is divided by i.
0
Suppose -o - 3*o = -20. Calculate the remainder when 12 is divided by o.
2
Suppose 0 = 5*o + 4*o - 252. Let k be (-1)/(-2)*-2 + -1. What is the remainder when o is divided by 2*5/(-2)*k?
8
Suppose 2*t = 5*k - 37, 13 = k + 4*t - 3*t. Calculate the remainder when (-570)/(-24) - 1/(-4) is divided by k.
6
Let b = -20 - -144. Suppose -2*d - b = -2*r, -5*d = 2*r + 2*r - 239. Calculate the remainder when r is divided by 21.
19
Suppose -74 = -2*p - 16. Suppose -4*g = -3*g - 5. Let s(u) = u**3 - 5*u**2 + 2*u + 5. What is the remainder when p is divided by s(g)?
14
Suppose 12*i = 7*i + 360. Suppose 0*y + 4*y = i. What is the remainder when y is divided by -1 + 10/1 + 1?
8
Suppose -3*h - 4*g + 2*g + 74 = 0, -2*h - 3*g + 46 = 0. Calculate the remainder when h is divided by 10.
6
What is the remainder when (1 + 2 + -2)*36 is divided by 13?
10
Let u = 3 + -3. Suppose g + r - 17 = u, -g - 7 = -2*r - 24. Let t = 1 + 5. What is the remainder when g is divided by t?
5
Let p(x) = x**2 - 2*x - 2. Let v be p(4). Let d be (4/v)/(6/9). Calculate the remainder when 32 is divided by d/3 - 32/(-3).
10
Suppose 2*k - 